Last updated on 2022-04-24 03:52:39 CEST.
Flavor | Version | Tinstall | Tcheck | Ttotal | Status | Flags |
---|---|---|---|---|---|---|
r-devel-linux-x86_64-debian-clang | 0.1.2 | 1.51 | 30.02 | 31.53 | NOTE | |
r-devel-linux-x86_64-debian-gcc | 0.1.2 | 1.59 | 23.49 | 25.08 | NOTE | |
r-devel-linux-x86_64-fedora-clang | 0.1.2 | 39.75 | NOTE | |||
r-devel-linux-x86_64-fedora-gcc | 0.1.2 | 28.06 | NOTE | |||
r-patched-linux-x86_64 | 0.1.2 | 1.93 | 29.65 | 31.58 | NOTE | |
r-release-linux-x86_64 | 0.1.2 | 1.92 | 28.48 | 30.40 | NOTE | |
r-release-macos-arm64 | 0.1.2 | NOTE | ||||
r-release-macos-x86_64 | 0.1.2 | NOTE | ||||
r-release-windows-x86_64 | 0.1.2 | 17.00 | 52.00 | 69.00 | NOTE | |
r-oldrel-macos-arm64 | 0.1.2 | NOTE | ||||
r-oldrel-macos-x86_64 | 0.1.2 | NOTE | ||||
r-oldrel-windows-ix86+x86_64 | 0.1.2 | 4.00 | 37.00 | 41.00 | NOTE |
Version: 0.1.2
Check: LazyData
Result: NOTE
'LazyData' is specified without a 'data' directory
Flavors: r-devel-linux-x86_64-debian-clang, r-devel-linux-x86_64-debian-gcc, r-devel-linux-x86_64-fedora-clang, r-devel-linux-x86_64-fedora-gcc, r-patched-linux-x86_64, r-release-linux-x86_64, r-release-macos-arm64, r-release-macos-x86_64, r-release-windows-x86_64, r-oldrel-macos-arm64, r-oldrel-macos-x86_64, r-oldrel-windows-ix86+x86_64