Last updated on 2022-04-24 03:52:39 CEST.
Flavor | Version | Tinstall | Tcheck | Ttotal | Status | Flags |
---|---|---|---|---|---|---|
r-devel-linux-x86_64-debian-clang | 1.7.6 | 155.41 | 69.41 | 224.82 | OK | |
r-devel-linux-x86_64-debian-gcc | 1.7.6 | 108.66 | 52.17 | 160.83 | OK | |
r-devel-linux-x86_64-fedora-clang | 1.7.6 | 337.07 | NOTE | |||
r-devel-linux-x86_64-fedora-gcc | 1.7.6 | 260.77 | OK | |||
r-patched-linux-x86_64 | 1.7.6 | 128.85 | 66.14 | 194.99 | OK | |
r-release-linux-x86_64 | 1.7.6 | 125.56 | 64.72 | 190.28 | OK | |
r-release-macos-arm64 | 1.7.6 | NOTE | ||||
r-release-macos-x86_64 | 1.7.6 | NOTE | ||||
r-release-windows-x86_64 | 1.7.6 | 1531.00 | 186.00 | 1717.00 | WARN | |
r-oldrel-macos-arm64 | 1.7.6 | NOTE | ||||
r-oldrel-macos-x86_64 | 1.7.6 | NOTE | ||||
r-oldrel-windows-ix86+x86_64 | 1.7.6 | 1422.00 | 123.00 | 1545.00 | NOTE |
Version: 1.7.6
Check: installed package size
Result: NOTE
installed size is 5.1Mb
sub-directories of 1Mb or more:
libs 4.3Mb
Flavors: r-devel-linux-x86_64-fedora-clang, r-release-macos-arm64, r-release-macos-x86_64, r-release-windows-x86_64, r-oldrel-macos-arm64, r-oldrel-macos-x86_64, r-oldrel-windows-ix86+x86_64
Version: 1.7.6
Check: whether package can be installed
Result: WARN
Found the following significant warnings:
icu69/common/cstring.h:43:70: warning: 'char* strncpy(char*, const char*, size_t)' output may be truncated copying 156 bytes from a string of length 156 [-Wstringop-truncation]
Flavor: r-release-windows-x86_64