Last updated on 2022-04-24 03:52:39 CEST.
Flavor | Version | Tinstall | Tcheck | Ttotal | Status | Flags |
---|---|---|---|---|---|---|
r-devel-linux-x86_64-debian-clang | 0.1.3 | 35.88 | 497.13 | 533.01 | OK | |
r-devel-linux-x86_64-debian-gcc | 0.1.3 | 32.13 | 360.24 | 392.37 | OK | |
r-devel-linux-x86_64-fedora-clang | 0.1.3 | 647.33 | OK | |||
r-devel-linux-x86_64-fedora-gcc | 0.1.3 | 612.20 | OK | |||
r-patched-linux-x86_64 | 0.1.3 | 37.90 | 469.91 | 507.81 | OK | |
r-release-linux-x86_64 | 0.1.3 | 27.98 | 445.37 | 473.35 | OK | |
r-release-macos-arm64 | 0.1.3 | OK | ||||
r-release-macos-x86_64 | 0.1.3 | WARN | ||||
r-release-windows-x86_64 | 0.1.3 | 40.00 | 480.00 | 520.00 | OK | |
r-oldrel-macos-arm64 | 0.1.3 | OK | ||||
r-oldrel-macos-x86_64 | 0.1.3 | WARN | ||||
r-oldrel-windows-ix86+x86_64 | 0.1.3 | 80.00 | 502.00 | 582.00 | OK |
Version: 0.1.3
Check: whether package can be installed
Result: WARN
Found the following significant warnings:
Warning: multiple methods tables found for ‘direction’
Warning: multiple methods tables found for ‘gridDistance’
Flavors: r-release-macos-x86_64, r-oldrel-macos-x86_64