Last updated on 2022-04-24 03:52:39 CEST.
Flavor | Version | Tinstall | Tcheck | Ttotal | Status | Flags |
---|---|---|---|---|---|---|
r-devel-linux-x86_64-debian-clang | 1.5-3-1.0.4 | 96.12 | 104.28 | 200.40 | OK | |
r-devel-linux-x86_64-debian-gcc | 1.5-3-1.0.4 | 81.20 | 78.04 | 159.24 | OK | |
r-devel-linux-x86_64-fedora-clang | 1.5-3-1.0.4 | 287.40 | OK | |||
r-devel-linux-x86_64-fedora-gcc | 1.5-3-1.0.4 | 249.96 | OK | |||
r-patched-linux-x86_64 | 1.5-3-1.0.4 | 90.45 | 100.14 | 190.59 | OK | |
r-release-linux-x86_64 | 1.5-3-1.0.4 | 88.62 | 97.85 | 186.47 | OK | |
r-release-macos-arm64 | 1.5-3-1.0.4 | NOTE | ||||
r-release-macos-x86_64 | 1.5-3-1.0.4 | NOTE | ||||
r-release-windows-x86_64 | 1.5-3-1.0.4 | 193.00 | 165.00 | 358.00 | OK | |
r-oldrel-macos-arm64 | 1.5-3-1.0.4 | NOTE | ||||
r-oldrel-macos-x86_64 | 1.5-3-1.0.4 | NOTE | ||||
r-oldrel-windows-ix86+x86_64 | 1.5-3-1.0.4 | 239.00 | 166.00 | 405.00 | OK |
Version: 1.5-3-1.0.4
Check: installed package size
Result: NOTE
installed size is 6.2Mb
sub-directories of 1Mb or more:
libs 4.9Mb
Flavors: r-release-macos-arm64, r-release-macos-x86_64, r-oldrel-macos-arm64, r-oldrel-macos-x86_64