Last updated on 2022-04-24 03:52:39 CEST.
Flavor | Version | Tinstall | Tcheck | Ttotal | Status | Flags |
---|---|---|---|---|---|---|
r-devel-linux-x86_64-debian-clang | 0.2.0 | 5.89 | 84.74 | 90.63 | OK | |
r-devel-linux-x86_64-debian-gcc | 0.2.0 | 6.13 | 64.50 | 70.63 | OK | |
r-devel-linux-x86_64-fedora-clang | 0.2.0 | 111.29 | NOTE | |||
r-devel-linux-x86_64-fedora-gcc | 0.2.0 | 98.20 | NOTE | |||
r-patched-linux-x86_64 | 0.2.0 | 6.01 | 80.64 | 86.65 | OK | |
r-release-linux-x86_64 | 0.2.0 | 7.72 | 77.20 | 84.92 | OK | |
r-release-macos-arm64 | 0.2.0 | NOTE | ||||
r-release-macos-x86_64 | 0.2.0 | NOTE | ||||
r-release-windows-x86_64 | 0.2.0 | 20.00 | 106.00 | 126.00 | OK | |
r-oldrel-macos-arm64 | 0.2.0 | NOTE | ||||
r-oldrel-macos-x86_64 | 0.2.0 | NOTE | ||||
r-oldrel-windows-ix86+x86_64 | 0.2.0 | 15.00 | 96.00 | 111.00 | OK |
Version: 0.2.0
Check: data for non-ASCII characters
Result: NOTE
Note: found 2 marked UTF-8 strings
Flavors: r-devel-linux-x86_64-fedora-clang, r-devel-linux-x86_64-fedora-gcc, r-release-macos-arm64, r-release-macos-x86_64, r-oldrel-macos-arm64, r-oldrel-macos-x86_64