Last updated on 2022-04-24 03:52:39 CEST.
Flavor | Version | Tinstall | Tcheck | Ttotal | Status | Flags |
---|---|---|---|---|---|---|
r-devel-linux-x86_64-debian-clang | 0.1.4.1 | 83.63 | 55.57 | 139.20 | OK | |
r-devel-linux-x86_64-debian-gcc | 0.1.4.1 | 69.89 | 41.46 | 111.35 | OK | |
r-devel-linux-x86_64-fedora-clang | 0.1.4.1 | 206.40 | NOTE | |||
r-devel-linux-x86_64-fedora-gcc | 0.1.4.1 | 165.79 | OK | |||
r-patched-linux-x86_64 | 0.1.4.1 | 75.07 | 51.38 | 126.45 | OK | |
r-release-linux-x86_64 | 0.1.4.1 | 72.38 | 50.25 | 122.63 | OK | |
r-release-macos-arm64 | 0.1.4.1 | NOTE | ||||
r-release-macos-x86_64 | 0.1.4.1 | NOTE | ||||
r-release-windows-x86_64 | 0.1.4.1 | 136.00 | 108.00 | 244.00 | OK | |
r-oldrel-macos-arm64 | 0.1.4.1 | NOTE | ||||
r-oldrel-macos-x86_64 | 0.1.4.1 | NOTE | ||||
r-oldrel-windows-ix86+x86_64 | 0.1.4.1 | 207.00 | 107.00 | 314.00 | OK |
Version: 0.1.4.1
Check: installed package size
Result: NOTE
installed size is 5.4Mb
sub-directories of 1Mb or more:
libs 2.5Mb
Flavors: r-devel-linux-x86_64-fedora-clang, r-release-macos-arm64, r-release-macos-x86_64, r-oldrel-macos-arm64, r-oldrel-macos-x86_64