Last updated on 2022-04-24 03:52:39 CEST.
Flavor | Version | Tinstall | Tcheck | Ttotal | Status | Flags |
---|---|---|---|---|---|---|
r-devel-linux-x86_64-debian-clang | 0.2.6.2 | 37.64 | 385.89 | 423.53 | OK | |
r-devel-linux-x86_64-debian-gcc | 0.2.6.2 | 28.85 | 263.88 | 292.73 | OK | |
r-devel-linux-x86_64-fedora-clang | 0.2.6.2 | 560.44 | OK | |||
r-devel-linux-x86_64-fedora-gcc | 0.2.6.2 | 532.58 | OK | |||
r-patched-linux-x86_64 | 0.2.6.2 | 31.80 | 388.62 | 420.42 | OK | |
r-release-linux-x86_64 | 0.2.6.2 | 30.34 | 383.54 | 413.88 | OK | |
r-release-macos-arm64 | 0.2.6.2 | OK | ||||
r-release-macos-x86_64 | 0.2.6.2 | OK | ||||
r-release-windows-x86_64 | 0.2.6.2 | 44.00 | 533.00 | 577.00 | OK | |
r-oldrel-macos-arm64 | 0.2.6.2 | OK | ||||
r-oldrel-macos-x86_64 | 0.2.6.2 | OK | ||||
r-oldrel-windows-ix86+x86_64 | 0.2.6.2 | 95.00 | 629.00 | 724.00 | NOTE |
Version: 0.2.6.2
Check: installed package size
Result: NOTE
installed size is 5.5Mb
sub-directories of 1Mb or more:
doc 1.4Mb
libs 2.4Mb
Flavor: r-oldrel-windows-ix86+x86_64