Last updated on 2022-04-24 03:52:39 CEST.
Flavor | Version | Tinstall | Tcheck | Ttotal | Status | Flags |
---|---|---|---|---|---|---|
r-devel-linux-x86_64-debian-clang | 1.0 | 2.72 | 46.81 | 49.53 | NOTE | |
r-devel-linux-x86_64-debian-gcc | 1.0 | 2.10 | 35.17 | 37.27 | NOTE | |
r-devel-linux-x86_64-fedora-clang | 1.0 | 60.54 | NOTE | |||
r-devel-linux-x86_64-fedora-gcc | 1.0 | 47.98 | NOTE | |||
r-patched-linux-x86_64 | 1.0 | 2.50 | 44.66 | 47.16 | NOTE | |
r-release-linux-x86_64 | 1.0 | 2.37 | 44.55 | 46.92 | NOTE | |
r-release-macos-arm64 | 1.0 | NOTE | ||||
r-release-macos-x86_64 | 1.0 | NOTE | ||||
r-release-windows-x86_64 | 1.0 | 20.00 | 62.00 | 82.00 | NOTE | |
r-oldrel-macos-arm64 | 1.0 | NOTE | ||||
r-oldrel-macos-x86_64 | 1.0 | NOTE | ||||
r-oldrel-windows-ix86+x86_64 | 1.0 | 6.00 | 53.00 | 59.00 | NOTE |
Version: 1.0
Check: R code for possible problems
Result: NOTE
supcluster : itgamma: no visible global function definition for
'rgamma'
supcluster : itgamma: no visible global function definition for
'dgamma'
supcluster : itgamma: no visible global function definition for 'runif'
supcluster : itbeta: no visible global function definition for 'rnorm'
supcluster : itbeta: no visible global function definition for 'runif'
supcluster : itj: no visible global function definition for 'dmultinom'
supcluster: no visible global function definition for 'kmeans'
tab1: no visible global function definition for 'image'
tab1: no visible global function definition for 'gray'
tab1: no visible global function definition for 'var'
Undefined global functions or variables:
dgamma dmultinom gray image kmeans rgamma rnorm runif var
Consider adding
importFrom("grDevices", "gray")
importFrom("graphics", "image")
importFrom("stats", "dgamma", "dmultinom", "kmeans", "rgamma", "rnorm",
"runif", "var")
to your NAMESPACE file.
Flavors: r-devel-linux-x86_64-debian-clang, r-devel-linux-x86_64-debian-gcc, r-devel-linux-x86_64-fedora-clang, r-devel-linux-x86_64-fedora-gcc, r-patched-linux-x86_64, r-release-linux-x86_64, r-release-macos-arm64, r-release-macos-x86_64, r-release-windows-x86_64, r-oldrel-macos-arm64, r-oldrel-macos-x86_64, r-oldrel-windows-ix86+x86_64