Last updated on 2022-04-24 03:52:39 CEST.
Flavor | Version | Tinstall | Tcheck | Ttotal | Status | Flags |
---|---|---|---|---|---|---|
r-devel-linux-x86_64-debian-clang | 0.9.7.8 | 10.71 | 289.66 | 300.37 | OK | |
r-devel-linux-x86_64-debian-gcc | 0.9.7.8 | 8.93 | 198.09 | 207.02 | OK | |
r-devel-linux-x86_64-fedora-clang | 0.9.7.8 | 344.66 | NOTE | |||
r-devel-linux-x86_64-fedora-gcc | 0.9.7.8 | 317.18 | NOTE | |||
r-patched-linux-x86_64 | 0.9.7.8 | 9.51 | 263.43 | 272.94 | OK | |
r-release-linux-x86_64 | 0.9.7.8 | 8.94 | 281.48 | 290.42 | OK | |
r-release-macos-arm64 | 0.9.7.8 | NOTE | ||||
r-release-macos-x86_64 | 0.9.7.8 | NOTE | ||||
r-release-windows-x86_64 | 0.9.7.8 | 43.00 | 340.00 | 383.00 | NOTE | |
r-oldrel-macos-arm64 | 0.9.7.8 | NOTE | ||||
r-oldrel-macos-x86_64 | 0.9.7.8 | NOTE | ||||
r-oldrel-windows-ix86+x86_64 | 0.9.7.8 | 23.00 | 360.00 | 383.00 | NOTE |
Version: 0.9.7.8
Check: installed package size
Result: NOTE
installed size is 12.7Mb
sub-directories of 1Mb or more:
doc 12.1Mb
Flavors: r-devel-linux-x86_64-fedora-clang, r-release-macos-arm64, r-release-macos-x86_64, r-release-windows-x86_64, r-oldrel-macos-arm64, r-oldrel-macos-x86_64, r-oldrel-windows-ix86+x86_64
Version: 0.9.7.8
Check: dependencies in R code
Result: NOTE
Namespace in Imports field not imported from: ‘psych’
All declared Imports should be used.
Flavors: r-devel-linux-x86_64-fedora-clang, r-devel-linux-x86_64-fedora-gcc, r-release-macos-arm64, r-release-macos-x86_64, r-oldrel-macos-arm64, r-oldrel-macos-x86_64