Last updated on 2022-04-24 03:52:39 CEST.
Flavor | Version | Tinstall | Tcheck | Ttotal | Status | Flags |
---|---|---|---|---|---|---|
r-devel-linux-x86_64-debian-clang | 0.5.3 | 57.78 | 107.99 | 165.77 | OK | |
r-devel-linux-x86_64-debian-gcc | 0.5.3 | 48.16 | 130.35 | 178.51 | OK | |
r-devel-linux-x86_64-fedora-clang | 0.5.3 | 199.96 | OK | |||
r-devel-linux-x86_64-fedora-gcc | 0.5.3 | 240.35 | OK | |||
r-patched-linux-x86_64 | 0.5.3 | 53.24 | 104.82 | 158.06 | OK | |
r-release-linux-x86_64 | 0.5.3 | 52.14 | 103.45 | 155.59 | OK | |
r-release-macos-arm64 | 0.5.3 | NOTE | ||||
r-release-macos-x86_64 | 0.5.3 | OK | ||||
r-release-windows-x86_64 | 0.5.3 | 65.00 | 154.00 | 219.00 | OK | |
r-oldrel-macos-arm64 | 0.5.3 | NOTE | ||||
r-oldrel-macos-x86_64 | 0.5.3 | OK | ||||
r-oldrel-windows-ix86+x86_64 | 0.5.3 | 124.00 | 160.00 | 284.00 | OK |
Version: 0.5.3
Check: installed package size
Result: NOTE
installed size is 5.4Mb
sub-directories of 1Mb or more:
libs 4.4Mb
Flavors: r-release-macos-arm64, r-oldrel-macos-arm64