Last updated on 2022-04-24 03:52:39 CEST.
Flavor | Version | Tinstall | Tcheck | Ttotal | Status | Flags |
---|---|---|---|---|---|---|
r-devel-linux-x86_64-debian-clang | 2.5.1 | 7.25 | 174.07 | 181.32 | OK | |
r-devel-linux-x86_64-debian-gcc | 2.5.1 | 5.73 | 123.27 | 129.00 | OK | |
r-devel-linux-x86_64-fedora-clang | 2.5.1 | 0.00 | NOTE | |||
r-devel-linux-x86_64-fedora-gcc | 2.5.1 | 191.47 | NOTE | |||
r-patched-linux-x86_64 | 2.5.1 | 13.33 | 161.18 | 174.51 | OK | |
r-release-linux-x86_64 | 2.5.1 | 6.63 | 155.74 | 162.37 | OK | |
r-release-macos-arm64 | 2.5.1 | NOTE | ||||
r-release-macos-x86_64 | 2.5.1 | NOTE | ||||
r-release-windows-x86_64 | 2.5.1 | 65.00 | 190.00 | 255.00 | OK | |
r-oldrel-macos-arm64 | 2.5.1 | NOTE | ||||
r-oldrel-macos-x86_64 | 2.5.1 | NOTE | ||||
r-oldrel-windows-ix86+x86_64 | 2.5.1 | 16.00 | 189.00 | 205.00 | OK |
Version: 2.5.1
Check: dependencies in R code
Result: NOTE
Namespace in Imports field not imported from: ‘methods’
All declared Imports should be used.
Flavors: r-devel-linux-x86_64-fedora-clang, r-devel-linux-x86_64-fedora-gcc, r-release-macos-arm64, r-release-macos-x86_64, r-oldrel-macos-arm64, r-oldrel-macos-x86_64