Last updated on 2022-04-24 03:52:39 CEST.
Flavor | Version | Tinstall | Tcheck | Ttotal | Status | Flags |
---|---|---|---|---|---|---|
r-devel-linux-x86_64-debian-clang | 0.5-0 | 4.73 | 53.76 | 58.49 | OK | |
r-devel-linux-x86_64-debian-gcc | 0.5-0 | 2.47 | 41.30 | 43.77 | OK | |
r-devel-linux-x86_64-fedora-clang | 0.5-0 | 69.69 | NOTE | |||
r-devel-linux-x86_64-fedora-gcc | 0.5-0 | 57.57 | OK | |||
r-patched-linux-x86_64 | 0.5-0 | 4.64 | 52.37 | 57.01 | OK | |
r-release-linux-x86_64 | 0.5-0 | 4.18 | 50.61 | 54.79 | OK | |
r-release-macos-arm64 | 0.5-0 | OK | ||||
r-release-macos-x86_64 | 0.5-0 | OK | ||||
r-release-windows-x86_64 | 0.5-0 | 21.00 | 75.00 | 96.00 | OK | |
r-oldrel-macos-arm64 | 0.5-0 | OK | ||||
r-oldrel-macos-x86_64 | 0.5-0 | OK | ||||
r-oldrel-windows-ix86+x86_64 | 0.5-0 | 9.00 | 65.00 | 74.00 | OK |
Version: 0.5-0
Check: Rd cross-references
Result: NOTE
Undeclared package ‘mded’ in Rd xrefs
Flavor: r-devel-linux-x86_64-fedora-clang