Last updated on 2022-04-24 03:52:39 CEST.
Flavor | Version | Tinstall | Tcheck | Ttotal | Status | Flags |
---|---|---|---|---|---|---|
r-devel-linux-x86_64-debian-clang | 1.1 | 2.13 | 41.97 | 44.10 | NOTE | |
r-devel-linux-x86_64-debian-gcc | 1.1 | 2.34 | 31.60 | 33.94 | NOTE | |
r-devel-linux-x86_64-fedora-clang | 1.1 | 56.14 | NOTE | |||
r-devel-linux-x86_64-fedora-gcc | 1.1 | 44.53 | NOTE | |||
r-patched-linux-x86_64 | 1.1 | 2.38 | 41.27 | 43.65 | OK | |
r-release-linux-x86_64 | 1.1 | 2.82 | 38.98 | 41.80 | OK | |
r-release-macos-arm64 | 1.1 | OK | ||||
r-release-macos-x86_64 | 1.1 | OK | ||||
r-release-windows-x86_64 | 1.1 | 15.00 | 57.00 | 72.00 | OK | |
r-oldrel-macos-arm64 | 1.1 | OK | ||||
r-oldrel-macos-x86_64 | 1.1 | OK | ||||
r-oldrel-windows-ix86+x86_64 | 1.1 | 6.00 | 47.00 | 53.00 | OK |
Version: 1.1
Check: Rd files
Result: NOTE
checkRd: (7) file 'glmLikSI.Rd': \item in \value must have non-empty label
checkRd: (7) file 'lmLikSI.Rd': \item in \value must have non-empty label
Flavors: r-devel-linux-x86_64-debian-clang, r-devel-linux-x86_64-debian-gcc, r-devel-linux-x86_64-fedora-clang, r-devel-linux-x86_64-fedora-gcc