Last updated on 2022-04-24 03:52:39 CEST.
Flavor | Version | Tinstall | Tcheck | Ttotal | Status | Flags |
---|---|---|---|---|---|---|
r-devel-linux-x86_64-debian-clang | 1.0.4 | 2.69 | 35.26 | 37.95 | OK | |
r-devel-linux-x86_64-debian-gcc | 1.0.4 | 2.35 | 26.46 | 28.81 | OK | |
r-devel-linux-x86_64-fedora-clang | 1.0.4 | 45.47 | NOTE | |||
r-devel-linux-x86_64-fedora-gcc | 1.0.4 | 33.64 | NOTE | |||
r-patched-linux-x86_64 | 1.0.4 | 2.42 | 32.71 | 35.13 | OK | |
r-release-linux-x86_64 | 1.0.4 | 2.19 | 32.53 | 34.72 | OK | |
r-release-macos-arm64 | 1.0.4 | NOTE | ||||
r-release-macos-x86_64 | 1.0.4 | NOTE | ||||
r-release-windows-x86_64 | 1.0.4 | 26.00 | 56.00 | 82.00 | OK | |
r-oldrel-macos-arm64 | 1.0.4 | NOTE | ||||
r-oldrel-macos-x86_64 | 1.0.4 | NOTE | ||||
r-oldrel-windows-ix86+x86_64 | 1.0.4 | 8.00 | 42.00 | 50.00 | OK |
Version: 1.0.4
Check: dependencies in R code
Result: NOTE
Namespace in Imports field not imported from: ‘learnr’
All declared Imports should be used.
Flavors: r-devel-linux-x86_64-fedora-clang, r-devel-linux-x86_64-fedora-gcc, r-release-macos-arm64, r-release-macos-x86_64, r-oldrel-macos-arm64, r-oldrel-macos-x86_64