Last updated on 2022-04-24 03:52:39 CEST.
Flavor | Version | Tinstall | Tcheck | Ttotal | Status | Flags |
---|---|---|---|---|---|---|
r-devel-linux-x86_64-debian-clang | 0.2.0 | 5.52 | 68.45 | 73.97 | OK | |
r-devel-linux-x86_64-debian-gcc | 0.2.0 | 4.85 | 51.17 | 56.02 | OK | |
r-devel-linux-x86_64-fedora-clang | 0.2.0 | 91.67 | NOTE | |||
r-devel-linux-x86_64-fedora-gcc | 0.2.0 | 82.30 | OK | |||
r-patched-linux-x86_64 | 0.2.0 | 5.62 | 64.43 | 70.05 | OK | |
r-release-linux-x86_64 | 0.2.0 | 5.55 | 61.49 | 67.04 | OK | |
r-release-macos-arm64 | 0.2.0 | OK | ||||
r-release-macos-x86_64 | 0.2.0 | OK | ||||
r-release-windows-x86_64 | 0.2.0 | 20.00 | 88.00 | 108.00 | OK | |
r-oldrel-macos-arm64 | 0.2.0 | OK | ||||
r-oldrel-macos-x86_64 | 0.2.0 | OK | ||||
r-oldrel-windows-ix86+x86_64 | 0.2.0 | 15.00 | 73.00 | 88.00 | OK |
Version: 0.2.0
Check: Rd cross-references
Result: NOTE
Undeclared package ‘truncdist’ in Rd xrefs
Flavor: r-devel-linux-x86_64-fedora-clang