Last updated on 2022-04-24 03:52:39 CEST.
Flavor | Version | Tinstall | Tcheck | Ttotal | Status | Flags |
---|---|---|---|---|---|---|
r-devel-linux-x86_64-debian-clang | 0.1.0-1 | 40.15 | 350.70 | 390.85 | OK | |
r-devel-linux-x86_64-debian-gcc | 0.1.0-1 | 30.55 | 228.30 | 258.85 | OK | |
r-devel-linux-x86_64-fedora-clang | 0.1.0-1 | 450.07 | NOTE | |||
r-devel-linux-x86_64-fedora-gcc | 0.1.0-1 | 416.71 | NOTE | |||
r-patched-linux-x86_64 | 0.1.0-1 | 30.51 | 317.77 | 348.28 | OK | |
r-release-linux-x86_64 | 0.1.0-1 | 34.86 | 286.24 | 321.10 | OK | |
r-release-macos-arm64 | 0.1.0-1 | NOTE | ||||
r-release-macos-x86_64 | 0.1.0-1 | NOTE | ||||
r-release-windows-x86_64 | 0.1.0-1 | 35.00 | 391.00 | 426.00 | OK | |
r-oldrel-macos-arm64 | 0.1.0-1 | NOTE | ||||
r-oldrel-macos-x86_64 | 0.1.0-1 | NOTE | ||||
r-oldrel-windows-ix86+x86_64 | 0.1.0-1 | 87.00 | 405.00 | 492.00 | OK |
Version: 0.1.0-1
Check: dependencies in R code
Result: NOTE
Namespaces in Imports field not imported from:
‘doParallel’ ‘pROC’
All declared Imports should be used.
Flavors: r-devel-linux-x86_64-fedora-clang, r-devel-linux-x86_64-fedora-gcc, r-release-macos-arm64, r-release-macos-x86_64, r-oldrel-macos-arm64, r-oldrel-macos-x86_64