Last updated on 2022-04-24 03:52:39 CEST.
Flavor | Version | Tinstall | Tcheck | Ttotal | Status | Flags |
---|---|---|---|---|---|---|
r-devel-linux-x86_64-debian-clang | 1.0.0 | 7.24 | 73.31 | 80.55 | NOTE | |
r-devel-linux-x86_64-debian-gcc | 1.0.0 | 6.14 | 55.71 | 61.85 | NOTE | |
r-devel-linux-x86_64-fedora-clang | 1.0.0 | 96.06 | NOTE | |||
r-devel-linux-x86_64-fedora-gcc | 1.0.0 | 84.72 | NOTE | |||
r-patched-linux-x86_64 | 1.0.0 | 7.37 | 70.33 | 77.70 | NOTE | |
r-release-linux-x86_64 | 1.0.0 | 5.09 | 67.53 | 72.62 | NOTE | |
r-release-macos-arm64 | 1.0.0 | NOTE | ||||
r-release-macos-x86_64 | 1.0.0 | NOTE | ||||
r-release-windows-x86_64 | 1.0.0 | 16.00 | 85.00 | 101.00 | NOTE | |
r-oldrel-macos-arm64 | 1.0.0 | NOTE | ||||
r-oldrel-macos-x86_64 | 1.0.0 | NOTE | ||||
r-oldrel-windows-ix86+x86_64 | 1.0.0 | 15.00 | 58.00 | 73.00 | NOTE |
Version: 1.0.0
Check: LazyData
Result: NOTE
'LazyData' is specified without a 'data' directory
Flavors: r-devel-linux-x86_64-debian-clang, r-devel-linux-x86_64-debian-gcc, r-devel-linux-x86_64-fedora-clang, r-devel-linux-x86_64-fedora-gcc, r-patched-linux-x86_64, r-release-linux-x86_64, r-release-macos-arm64, r-release-macos-x86_64, r-release-windows-x86_64, r-oldrel-macos-arm64, r-oldrel-macos-x86_64, r-oldrel-windows-ix86+x86_64