Last updated on 2022-04-24 03:52:39 CEST.
Flavor | Version | Tinstall | Tcheck | Ttotal | Status | Flags |
---|---|---|---|---|---|---|
r-devel-linux-x86_64-debian-clang | 1.0 | 7.64 | 136.53 | 144.17 | OK | |
r-devel-linux-x86_64-debian-gcc | 1.0 | 5.89 | 99.61 | 105.50 | OK | |
r-devel-linux-x86_64-fedora-clang | 1.0 | 169.48 | OK | |||
r-devel-linux-x86_64-fedora-gcc | 1.0 | 166.65 | OK | |||
r-patched-linux-x86_64 | 1.0 | 7.37 | 129.75 | 137.12 | OK | |
r-release-linux-x86_64 | 1.0 | 8.02 | 125.21 | 133.23 | OK | |
r-release-macos-arm64 | 1.0 | NOTE | ||||
r-release-macos-x86_64 | 1.0 | OK | ||||
r-release-windows-x86_64 | 1.0 | 35.00 | 149.00 | 184.00 | OK | |
r-oldrel-macos-arm64 | 1.0 | NOTE | ||||
r-oldrel-macos-x86_64 | 1.0 | OK | ||||
r-oldrel-windows-ix86+x86_64 | 1.0 | 16.00 | 112.00 | 128.00 | OK |
Version: 1.0
Check: package dependencies
Result: NOTE
Package suggested but not available for checking: ‘BiocParallel’
Flavors: r-release-macos-arm64, r-oldrel-macos-arm64