Last updated on 2022-04-24 03:52:39 CEST.
Flavor | Version | Tinstall | Tcheck | Ttotal | Status | Flags |
---|---|---|---|---|---|---|
r-devel-linux-x86_64-debian-clang | 1.1.2 | 1149.64 | 269.97 | 1419.61 | NOTE | |
r-devel-linux-x86_64-debian-gcc | 1.1.2 | 1094.50 | 242.34 | 1336.84 | NOTE | |
r-devel-linux-x86_64-fedora-clang | 1.1.2 | 2045.32 | NOTE | |||
r-devel-linux-x86_64-fedora-gcc | 1.1.2 | 2192.06 | NOTE | |||
r-patched-linux-x86_64 | 1.1.2 | 1019.70 | 319.98 | 1339.68 | NOTE | |
r-release-linux-x86_64 | 1.1.2 | 898.73 | 293.17 | 1191.90 | NOTE | |
r-release-macos-arm64 | 1.1.2 | NOTE | ||||
r-release-macos-x86_64 | 1.1.2 | NOTE | ||||
r-release-windows-x86_64 | 1.1.2 | 776.00 | 380.00 | 1156.00 | NOTE | |
r-oldrel-macos-arm64 | 1.1.2 | NOTE | ||||
r-oldrel-macos-x86_64 | 1.1.2 | NOTE | ||||
r-oldrel-windows-ix86+x86_64 | 1.1.2 | 309.00 | 8.00 | 317.00 | ERROR |
Version: 1.1.2
Check: package dependencies
Result: NOTE
Package suggested but not available for checking: 'INLA'
Flavors: r-devel-linux-x86_64-debian-clang, r-devel-linux-x86_64-debian-gcc, r-patched-linux-x86_64, r-release-linux-x86_64, r-release-macos-arm64, r-release-macos-x86_64, r-release-windows-x86_64, r-oldrel-macos-arm64, r-oldrel-macos-x86_64
Version: 1.1.2
Check: for GNU extensions in Makefiles
Result: NOTE
GNU make is a SystemRequirements.
Flavors: r-devel-linux-x86_64-debian-clang, r-devel-linux-x86_64-debian-gcc, r-devel-linux-x86_64-fedora-clang, r-devel-linux-x86_64-fedora-gcc, r-patched-linux-x86_64, r-release-linux-x86_64, r-release-macos-arm64, r-release-macos-x86_64, r-release-windows-x86_64, r-oldrel-macos-arm64, r-oldrel-macos-x86_64
Version: 1.1.2
Check: installed package size
Result: NOTE
installed size is 103.3Mb
sub-directories of 1Mb or more:
libs 102.4Mb
Flavors: r-devel-linux-x86_64-fedora-clang, r-release-macos-arm64, r-release-macos-x86_64, r-release-windows-x86_64, r-oldrel-macos-arm64, r-oldrel-macos-x86_64
Version: 1.1.2
Check: whether package can be installed
Result: ERROR
Installation failed.
Flavor: r-oldrel-windows-ix86+x86_64