Last updated on 2022-04-24 03:52:39 CEST.
Flavor | Version | Tinstall | Tcheck | Ttotal | Status | Flags |
---|---|---|---|---|---|---|
r-devel-linux-x86_64-debian-clang | 1.0.2 | 2.53 | 33.07 | 35.60 | OK | |
r-devel-linux-x86_64-debian-gcc | 1.0.2 | 2.05 | 25.19 | 27.24 | OK | |
r-devel-linux-x86_64-fedora-clang | 1.0.2 | 41.43 | NOTE | |||
r-devel-linux-x86_64-fedora-gcc | 1.0.2 | 30.96 | OK | |||
r-patched-linux-x86_64 | 1.0.2 | 2.00 | 31.18 | 33.18 | OK | |
r-release-linux-x86_64 | 1.0.2 | 2.78 | 31.18 | 33.96 | OK | |
r-release-macos-arm64 | 1.0.2 | NOTE | ||||
r-release-macos-x86_64 | 1.0.2 | NOTE | ||||
r-release-windows-x86_64 | 1.0.2 | 21.00 | 53.00 | 74.00 | NOTE | |
r-oldrel-macos-arm64 | 1.0.2 | NOTE | ||||
r-oldrel-macos-x86_64 | 1.0.2 | NOTE | ||||
r-oldrel-windows-ix86+x86_64 | 1.0.2 | 4.00 | 27.00 | 31.00 | NOTE |
Version: 1.0.2
Check: installed package size
Result: NOTE
installed size is 12.2Mb
sub-directories of 1Mb or more:
data 12.0Mb
Flavors: r-devel-linux-x86_64-fedora-clang, r-release-macos-arm64, r-release-macos-x86_64, r-release-windows-x86_64, r-oldrel-macos-arm64, r-oldrel-macos-x86_64, r-oldrel-windows-ix86+x86_64
Version: 1.0.2
Check: Rd cross-references
Result: NOTE
Undeclared package ‘survJamda’ in Rd xrefs
Flavor: r-devel-linux-x86_64-fedora-clang
Version: 1.0.2
Check: Rd cross-references
Result: NOTE
Package unavailable to check Rd xrefs: ‘survJamda’
Flavors: r-release-macos-arm64, r-oldrel-macos-arm64