Last updated on 2022-04-24 03:52:39 CEST.
Flavor | Version | Tinstall | Tcheck | Ttotal | Status | Flags |
---|---|---|---|---|---|---|
r-devel-linux-x86_64-debian-clang | 1.5.2 | 50.49 | 235.69 | 286.18 | OK | --no-vignettes |
r-devel-linux-x86_64-debian-gcc | 1.5.2 | 37.80 | 554.90 | 592.70 | OK | --no-vignettes |
r-devel-linux-x86_64-fedora-clang | 1.5.2 | 801.60 | NOTE | |||
r-devel-linux-x86_64-fedora-gcc | 1.5.2 | 660.65 | OK | |||
r-patched-linux-x86_64 | 1.5.2 | 39.31 | 165.96 | 205.27 | OK | --no-vignettes |
r-release-linux-x86_64 | 1.5.2 | 34.00 | 184.86 | 218.86 | OK | --no-vignettes |
r-release-macos-arm64 | 1.5.2 | NOTE | ||||
r-release-macos-x86_64 | 1.5.2 | NOTE | ||||
r-release-windows-x86_64 | 1.5.2 | 65.00 | 440.00 | 505.00 | OK | |
r-oldrel-macos-arm64 | 1.5.2 | NOTE | ||||
r-oldrel-macos-x86_64 | 1.5.2 | NOTE | ||||
r-oldrel-windows-ix86+x86_64 | 1.5.2 | 90.00 | 554.00 | 644.00 | OK |
Version: 1.5.2
Check: installed package size
Result: NOTE
installed size is 12.7Mb
sub-directories of 1Mb or more:
libs 12.0Mb
Flavors: r-devel-linux-x86_64-fedora-clang, r-release-macos-arm64, r-release-macos-x86_64, r-oldrel-macos-arm64, r-oldrel-macos-x86_64