Last updated on 2022-04-24 03:52:39 CEST.
Flavor | Version | Tinstall | Tcheck | Ttotal | Status | Flags |
---|---|---|---|---|---|---|
r-devel-linux-x86_64-debian-clang | 1.20.0 | 70.21 | 625.03 | 695.24 | NOTE | |
r-devel-linux-x86_64-debian-gcc | 1.20.0 | 57.84 | 451.97 | 509.81 | NOTE | |
r-devel-linux-x86_64-fedora-clang | 1.20.0 | 660.45 | NOTE | |||
r-devel-linux-x86_64-fedora-gcc | 1.20.0 | 853.62 | OK | |||
r-patched-linux-x86_64 | 1.20.0 | 71.52 | 588.47 | 659.99 | NOTE | |
r-release-linux-x86_64 | 1.20.0 | 58.16 | 566.78 | 624.94 | NOTE | |
r-release-macos-arm64 | 1.20.0 | NOTE | ||||
r-release-macos-x86_64 | 1.20.0 | NOTE | ||||
r-release-windows-x86_64 | 1.20.0 | 349.00 | 457.00 | 806.00 | NOTE | --no-vignettes |
r-oldrel-macos-arm64 | 1.20.0 | NOTE | ||||
r-oldrel-macos-x86_64 | 1.20.0 | NOTE | ||||
r-oldrel-windows-ix86+x86_64 | 1.20.0 | 136.00 | 611.00 | 747.00 | NOTE | --no-vignettes |
Version: 1.20.0
Check: package dependencies
Result: NOTE
Package suggested but not available for checking: 'INLA'
Flavors: r-devel-linux-x86_64-debian-clang, r-devel-linux-x86_64-debian-gcc, r-patched-linux-x86_64, r-release-linux-x86_64, r-release-macos-arm64, r-release-macos-x86_64, r-oldrel-macos-arm64, r-oldrel-macos-x86_64
Version: 1.20.0
Check: installed package size
Result: NOTE
installed size is 7.9Mb
sub-directories of 1Mb or more:
R 1.7Mb
doc 2.3Mb
libs 1.3Mb
Flavors: r-devel-linux-x86_64-fedora-clang, r-release-macos-arm64, r-release-macos-x86_64, r-oldrel-macos-arm64, r-oldrel-macos-x86_64
Version: 1.20.0
Flags: --no-vignettes
Check: package dependencies
Result: NOTE
Package suggested but not available for checking: 'INLA'
Flavor: r-release-windows-x86_64
Version: 1.20.0
Flags: --no-vignettes
Check: installed package size
Result: NOTE
installed size is 7.6Mb
sub-directories of 1Mb or more:
R 1.7Mb
doc 2.3Mb
libs 1.1Mb
Flavors: r-release-windows-x86_64, r-oldrel-windows-ix86+x86_64