Last updated on 2022-04-24 03:52:39 CEST.
Flavor | Version | Tinstall | Tcheck | Ttotal | Status | Flags |
---|---|---|---|---|---|---|
r-devel-linux-x86_64-debian-clang | 0.0.1 | 35.43 | 167.30 | 202.73 | OK | |
r-devel-linux-x86_64-debian-gcc | 0.0.1 | 30.17 | 114.57 | 144.74 | OK | |
r-devel-linux-x86_64-fedora-clang | 0.0.1 | 244.47 | NOTE | |||
r-devel-linux-x86_64-fedora-gcc | 0.0.1 | 217.24 | NOTE | |||
r-patched-linux-x86_64 | 0.0.1 | 33.04 | 152.87 | 185.91 | OK | |
r-release-linux-x86_64 | 0.0.1 | 29.08 | 148.24 | 177.32 | OK | |
r-release-macos-arm64 | 0.0.1 | OK | ||||
r-release-macos-x86_64 | 0.0.1 | OK | ||||
r-release-windows-x86_64 | 0.0.1 | 86.00 | 196.00 | 282.00 | OK | |
r-oldrel-macos-arm64 | 0.0.1 | OK | ||||
r-oldrel-macos-x86_64 | 0.0.1 | OK | ||||
r-oldrel-windows-ix86+x86_64 | 0.0.1 | 86.00 | 305.00 | 391.00 | OK |
Version: 0.0.1
Check: compiled code
Result: NOTE
File ‘surveybootstrap/libs/surveybootstrap.so’:
Found no calls to: ‘R_registerRoutines’, ‘R_useDynamicSymbols’
It is good practice to register native routines and to disable symbol
search.
See ‘Writing portable packages’ in the ‘Writing R Extensions’ manual.
Flavors: r-devel-linux-x86_64-fedora-clang, r-devel-linux-x86_64-fedora-gcc