Last updated on 2022-04-24 03:52:39 CEST.
Flavor | Version | Tinstall | Tcheck | Ttotal | Status | Flags |
---|---|---|---|---|---|---|
r-devel-linux-x86_64-debian-clang | 4.0 | 4.70 | 45.50 | 50.20 | NOTE | |
r-devel-linux-x86_64-debian-gcc | 4.0 | 3.58 | 33.39 | 36.97 | NOTE | |
r-devel-linux-x86_64-fedora-clang | 4.0 | 60.79 | NOTE | |||
r-devel-linux-x86_64-fedora-gcc | 4.0 | 48.49 | NOTE | |||
r-patched-linux-x86_64 | 4.0 | 3.90 | 43.15 | 47.05 | NOTE | |
r-release-linux-x86_64 | 4.0 | 4.06 | 41.99 | 46.05 | NOTE | |
r-release-macos-arm64 | 4.0 | NOTE | ||||
r-release-macos-x86_64 | 4.0 | NOTE | ||||
r-release-windows-x86_64 | 4.0 | 39.00 | 62.00 | 101.00 | NOTE | |
r-oldrel-macos-arm64 | 4.0 | NOTE | ||||
r-oldrel-macos-x86_64 | 4.0 | NOTE | ||||
r-oldrel-windows-ix86+x86_64 | 4.0 | 8.00 | 49.00 | 57.00 | NOTE |
Version: 4.0
Check: LazyData
Result: NOTE
'LazyData' is specified without a 'data' directory
Flavors: r-devel-linux-x86_64-debian-clang, r-devel-linux-x86_64-debian-gcc, r-devel-linux-x86_64-fedora-clang, r-devel-linux-x86_64-fedora-gcc, r-patched-linux-x86_64, r-release-linux-x86_64, r-release-macos-arm64, r-release-macos-x86_64, r-release-windows-x86_64, r-oldrel-macos-arm64, r-oldrel-macos-x86_64, r-oldrel-windows-ix86+x86_64