Last updated on 2022-04-24 03:52:39 CEST.
Flavor | Version | Tinstall | Tcheck | Ttotal | Status | Flags |
---|---|---|---|---|---|---|
r-devel-linux-x86_64-debian-clang | 1.3.0 | 49.57 | 371.05 | 420.62 | NOTE | |
r-devel-linux-x86_64-debian-gcc | 1.3.0 | 33.19 | 579.76 | 612.95 | NOTE | |
r-devel-linux-x86_64-fedora-clang | 1.3.0 | 423.57 | NOTE | |||
r-devel-linux-x86_64-fedora-gcc | 1.3.0 | 467.43 | NOTE | |||
r-patched-linux-x86_64 | 1.3.0 | 41.03 | 363.95 | 404.98 | NOTE | |
r-release-linux-x86_64 | 1.3.0 | 38.97 | 389.25 | 428.22 | NOTE | |
r-release-macos-arm64 | 1.3.0 | NOTE | ||||
r-release-macos-x86_64 | 1.3.0 | NOTE | ||||
r-release-windows-x86_64 | 1.3.0 | 59.00 | 280.00 | 339.00 | NOTE | |
r-oldrel-macos-arm64 | 1.3.0 | NOTE | ||||
r-oldrel-macos-x86_64 | 1.3.0 | NOTE | ||||
r-oldrel-windows-ix86+x86_64 | 1.3.0 | 110.00 | 398.00 | 508.00 | NOTE |
Version: 1.3.0
Check: LazyData
Result: NOTE
'LazyData' is specified without a 'data' directory
Flavors: r-devel-linux-x86_64-debian-clang, r-devel-linux-x86_64-debian-gcc, r-devel-linux-x86_64-fedora-clang, r-devel-linux-x86_64-fedora-gcc, r-patched-linux-x86_64, r-release-linux-x86_64, r-release-macos-arm64, r-release-macos-x86_64, r-release-windows-x86_64, r-oldrel-macos-arm64, r-oldrel-macos-x86_64, r-oldrel-windows-ix86+x86_64