Last updated on 2022-04-24 03:52:39 CEST.
Flavor | Version | Tinstall | Tcheck | Ttotal | Status | Flags |
---|---|---|---|---|---|---|
r-devel-linux-x86_64-debian-clang | 0.9.12 | 7.41 | 74.66 | 82.07 | OK | |
r-devel-linux-x86_64-debian-gcc | 0.9.12 | 5.40 | 55.26 | 60.66 | OK | |
r-devel-linux-x86_64-fedora-clang | 0.9.12 | 97.76 | NOTE | |||
r-devel-linux-x86_64-fedora-gcc | 0.9.12 | 82.27 | NOTE | |||
r-patched-linux-x86_64 | 0.9.12 | 5.93 | 68.38 | 74.31 | OK | |
r-release-linux-x86_64 | 0.9.12 | 4.09 | 66.38 | 70.47 | OK | |
r-release-macos-arm64 | 0.9.12 | NOTE | ||||
r-release-macos-x86_64 | 0.9.12 | NOTE | ||||
r-release-windows-x86_64 | 0.9.12 | 21.00 | 94.00 | 115.00 | OK | |
r-oldrel-macos-arm64 | 0.9.12 | NOTE | ||||
r-oldrel-macos-x86_64 | 0.9.12 | NOTE | ||||
r-oldrel-windows-ix86+x86_64 | 0.9.12 | 17.00 | 82.00 | 99.00 | OK |
Version: 0.9.12
Check: data for non-ASCII characters
Result: NOTE
Note: found 476 marked UTF-8 strings
Flavors: r-devel-linux-x86_64-fedora-clang, r-devel-linux-x86_64-fedora-gcc, r-release-macos-arm64, r-release-macos-x86_64, r-oldrel-macos-arm64, r-oldrel-macos-x86_64