Last updated on 2022-04-24 03:52:39 CEST.
Flavor | Version | Tinstall | Tcheck | Ttotal | Status | Flags |
---|---|---|---|---|---|---|
r-devel-linux-x86_64-debian-clang | 0.9-4 | 2.56 | 36.65 | 39.21 | NOTE | |
r-devel-linux-x86_64-debian-gcc | 0.9-4 | 1.86 | 27.93 | 29.79 | NOTE | |
r-devel-linux-x86_64-fedora-clang | 0.9-4 | 46.92 | NOTE | |||
r-devel-linux-x86_64-fedora-gcc | 0.9-4 | 36.12 | NOTE | |||
r-patched-linux-x86_64 | 0.9-4 | 2.60 | 34.71 | 37.31 | NOTE | |
r-release-linux-x86_64 | 0.9-4 | 2.11 | 34.75 | 36.86 | NOTE | |
r-release-macos-arm64 | 0.9-4 | NOTE | ||||
r-release-macos-x86_64 | 0.9-4 | NOTE | ||||
r-release-windows-x86_64 | 0.9-4 | 17.00 | 59.00 | 76.00 | NOTE | |
r-oldrel-macos-arm64 | 0.9-4 | NOTE | ||||
r-oldrel-macos-x86_64 | 0.9-4 | NOTE | ||||
r-oldrel-windows-ix86+x86_64 | 0.9-4 | 5.00 | 40.00 | 45.00 | NOTE |
Version: 0.9-4
Check: DESCRIPTION meta-information
Result: NOTE
Malformed Description field: should contain one or more complete sentences.
Flavors: r-devel-linux-x86_64-debian-clang, r-devel-linux-x86_64-debian-gcc, r-devel-linux-x86_64-fedora-clang, r-devel-linux-x86_64-fedora-gcc, r-patched-linux-x86_64, r-release-linux-x86_64, r-release-macos-arm64, r-release-macos-x86_64, r-release-windows-x86_64, r-oldrel-macos-arm64, r-oldrel-macos-x86_64, r-oldrel-windows-ix86+x86_64
Version: 0.9-4
Check: R code for possible problems
Result: NOTE
dlgMessage.tcltkGUI: no visible global function definition for 'alarm'
Undefined global functions or variables:
alarm
Consider adding
importFrom("utils", "alarm")
to your NAMESPACE file.
Flavors: r-devel-linux-x86_64-debian-clang, r-devel-linux-x86_64-debian-gcc, r-devel-linux-x86_64-fedora-clang, r-devel-linux-x86_64-fedora-gcc, r-patched-linux-x86_64, r-release-linux-x86_64, r-release-macos-arm64, r-release-macos-x86_64, r-oldrel-macos-arm64, r-oldrel-macos-x86_64
Version: 0.9-4
Check: R code for possible problems
Result: NOTE
dlgMessage.tcltkGUI: no visible global function definition for 'alarm'
dlgMessage.tcltkGUI: no visible global function definition for
'bringToTop'
Undefined global functions or variables:
alarm bringToTop
Consider adding
importFrom("grDevices", "bringToTop")
importFrom("utils", "alarm")
to your NAMESPACE file.
Flavors: r-release-windows-x86_64, r-oldrel-windows-ix86+x86_64