Last updated on 2022-04-24 03:52:39 CEST.
Flavor | Version | Tinstall | Tcheck | Ttotal | Status | Flags |
---|---|---|---|---|---|---|
r-devel-linux-x86_64-debian-clang | 0.9-55 | 2.19 | 34.39 | 36.58 | NOTE | |
r-devel-linux-x86_64-debian-gcc | 0.9-55 | 1.75 | 26.40 | 28.15 | NOTE | |
r-devel-linux-x86_64-fedora-clang | 0.9-55 | 44.47 | NOTE | |||
r-devel-linux-x86_64-fedora-gcc | 0.9-55 | 31.88 | NOTE | |||
r-patched-linux-x86_64 | 0.9-55 | 2.06 | 33.04 | 35.10 | NOTE | |
r-release-linux-x86_64 | 0.9-55 | 2.14 | 32.09 | 34.23 | NOTE | |
r-release-macos-arm64 | 0.9-55 | NOTE | ||||
r-release-macos-x86_64 | 0.9-55 | NOTE | ||||
r-release-windows-x86_64 | 0.9-55 | 12.00 | 50.00 | 62.00 | NOTE | |
r-oldrel-macos-arm64 | 0.9-55 | NOTE | ||||
r-oldrel-macos-x86_64 | 0.9-55 | NOTE | ||||
r-oldrel-windows-ix86+x86_64 | 0.9-55 | 5.00 | 39.00 | 44.00 | NOTE |
Version: 0.9-55
Check: DESCRIPTION meta-information
Result: NOTE
Malformed Description field: should contain one or more complete sentences.
Flavors: r-devel-linux-x86_64-debian-clang, r-devel-linux-x86_64-debian-gcc, r-devel-linux-x86_64-fedora-clang, r-devel-linux-x86_64-fedora-gcc, r-patched-linux-x86_64, r-release-linux-x86_64, r-release-macos-arm64, r-release-macos-x86_64, r-release-windows-x86_64, r-oldrel-macos-arm64, r-oldrel-macos-x86_64, r-oldrel-windows-ix86+x86_64
Version: 0.9-55
Check: R code for possible problems
Result: NOTE
startHttpServer : <anonymous> : Rjsonp: no visible global function
definition for 'localeToCharset'
Undefined global functions or variables:
localeToCharset
Consider adding
importFrom("utils", "localeToCharset")
to your NAMESPACE file.
Flavors: r-devel-linux-x86_64-debian-clang, r-devel-linux-x86_64-debian-gcc, r-devel-linux-x86_64-fedora-clang, r-devel-linux-x86_64-fedora-gcc, r-patched-linux-x86_64, r-release-linux-x86_64, r-release-macos-arm64, r-release-macos-x86_64, r-release-windows-x86_64, r-oldrel-macos-arm64, r-oldrel-macos-x86_64, r-oldrel-windows-ix86+x86_64