Last updated on 2022-04-24 03:52:39 CEST.
| Flavor | Version | Tinstall | Tcheck | Ttotal | Status | Flags | 
|---|---|---|---|---|---|---|
| r-devel-linux-x86_64-debian-clang | 0.9-63 | 2.05 | 35.51 | 37.56 | NOTE | |
| r-devel-linux-x86_64-debian-gcc | 0.9-63 | 2.06 | 27.53 | 29.59 | NOTE | |
| r-devel-linux-x86_64-fedora-clang | 0.9-63 | 47.26 | NOTE | |||
| r-devel-linux-x86_64-fedora-gcc | 0.9-63 | 35.72 | NOTE | |||
| r-patched-linux-x86_64 | 0.9-63 | 2.24 | 35.15 | 37.39 | NOTE | |
| r-release-linux-x86_64 | 0.9-63 | 2.32 | 34.66 | 36.98 | NOTE | |
| r-release-macos-arm64 | 0.9-63 | NOTE | ||||
| r-release-macos-x86_64 | 0.9-63 | NOTE | ||||
| r-release-windows-x86_64 | 0.9-63 | 17.00 | 52.00 | 69.00 | NOTE | |
| r-oldrel-macos-arm64 | 0.9-63 | NOTE | ||||
| r-oldrel-macos-x86_64 | 0.9-63 | NOTE | ||||
| r-oldrel-windows-ix86+x86_64 | 0.9-63 | 6.00 | 42.00 | 48.00 | NOTE | 
Version: 0.9-63
Check: DESCRIPTION meta-information
Result: NOTE
    Malformed Description field: should contain one or more complete sentences.
Flavors: r-devel-linux-x86_64-debian-clang, r-devel-linux-x86_64-debian-gcc, r-devel-linux-x86_64-fedora-clang, r-devel-linux-x86_64-fedora-gcc, r-patched-linux-x86_64, r-release-linux-x86_64, r-release-macos-arm64, r-release-macos-x86_64, r-release-windows-x86_64, r-oldrel-macos-arm64, r-oldrel-macos-x86_64, r-oldrel-windows-ix86+x86_64
Version: 0.9-63
Check: R code for possible problems
Result: NOTE
    .onAttach : svBrowser: no visible global function definition for
      'browseURL'
    .onAttach: no visible global function definition for 'loadhistory'
    Undefined global functions or variables:
      browseURL loadhistory
    Consider adding
      importFrom("utils", "browseURL", "loadhistory")
    to your NAMESPACE file.
Flavors: r-devel-linux-x86_64-debian-clang, r-devel-linux-x86_64-debian-gcc, r-devel-linux-x86_64-fedora-clang, r-devel-linux-x86_64-fedora-gcc, r-patched-linux-x86_64, r-release-linux-x86_64, r-release-macos-arm64, r-release-macos-x86_64, r-release-windows-x86_64, r-oldrel-macos-arm64, r-oldrel-macos-x86_64, r-oldrel-windows-ix86+x86_64