Last updated on 2022-04-24 03:52:39 CEST.
Flavor | Version | Tinstall | Tcheck | Ttotal | Status | Flags |
---|---|---|---|---|---|---|
r-devel-linux-x86_64-debian-clang | 0.1.4 | 150.65 | 71.48 | 222.13 | OK | |
r-devel-linux-x86_64-debian-gcc | 0.1.4 | 123.60 | 56.79 | 180.39 | OK | |
r-devel-linux-x86_64-fedora-gcc | 0.1.4 | 295.80 | OK | |||
r-patched-linux-x86_64 | 0.1.4 | 126.49 | 73.12 | 199.61 | OK | |
r-release-linux-x86_64 | 0.1.4 | 138.71 | 68.90 | 207.61 | OK | |
r-release-macos-arm64 | 0.1.4 | NOTE | ||||
r-release-macos-x86_64 | 0.1.4 | NOTE | ||||
r-release-windows-x86_64 | 0.1.4 | 95.00 | 135.00 | 230.00 | NOTE | |
r-oldrel-macos-arm64 | 0.1.4 | NOTE | ||||
r-oldrel-macos-x86_64 | 0.1.4 | NOTE | ||||
r-oldrel-windows-ix86+x86_64 | 0.1.4 | 293.00 | 162.00 | 455.00 | NOTE |
Version: 0.1.4
Check: installed package size
Result: NOTE
installed size is 48.5Mb
sub-directories of 1Mb or more:
libs 48.0Mb
Flavors: r-release-macos-arm64, r-release-macos-x86_64, r-release-windows-x86_64, r-oldrel-macos-arm64, r-oldrel-macos-x86_64, r-oldrel-windows-ix86+x86_64