Last updated on 2022-04-24 03:52:40 CEST.
Flavor | Version | Tinstall | Tcheck | Ttotal | Status | Flags |
---|---|---|---|---|---|---|
r-devel-linux-x86_64-debian-clang | 1.0.1 | 8.92 | 76.46 | 85.38 | NOTE | |
r-devel-linux-x86_64-debian-gcc | 1.0.1 | 7.05 | 57.19 | 64.24 | NOTE | |
r-devel-linux-x86_64-fedora-clang | 1.0.1 | 101.06 | NOTE | |||
r-devel-linux-x86_64-fedora-gcc | 1.0.1 | 90.08 | NOTE | |||
r-patched-linux-x86_64 | 1.0.1 | 6.91 | 73.52 | 80.43 | NOTE | |
r-release-linux-x86_64 | 1.0.1 | 5.08 | 67.94 | 73.02 | NOTE | |
r-release-macos-arm64 | 1.0.1 | NOTE | ||||
r-release-macos-x86_64 | 1.0.1 | NOTE | ||||
r-release-windows-x86_64 | 1.0.1 | 16.00 | 94.00 | 110.00 | NOTE | |
r-oldrel-macos-arm64 | 1.0.1 | NOTE | ||||
r-oldrel-macos-x86_64 | 1.0.1 | NOTE | ||||
r-oldrel-windows-ix86+x86_64 | 1.0.1 | 16.00 | 79.00 | 95.00 | NOTE |
Version: 1.0.1
Check: LazyData
Result: NOTE
'LazyData' is specified without a 'data' directory
Flavors: r-devel-linux-x86_64-debian-clang, r-devel-linux-x86_64-debian-gcc, r-devel-linux-x86_64-fedora-clang, r-devel-linux-x86_64-fedora-gcc, r-patched-linux-x86_64, r-release-linux-x86_64, r-release-macos-arm64, r-release-macos-x86_64, r-release-windows-x86_64, r-oldrel-macos-arm64, r-oldrel-macos-x86_64, r-oldrel-windows-ix86+x86_64