Last updated on 2022-04-24 03:52:40 CEST.
Flavor | Version | Tinstall | Tcheck | Ttotal | Status | Flags |
---|---|---|---|---|---|---|
r-devel-linux-x86_64-debian-clang | 0.1.2 | 5.39 | 58.30 | 63.69 | NOTE | |
r-devel-linux-x86_64-debian-gcc | 0.1.2 | 4.42 | 44.55 | 48.97 | NOTE | |
r-devel-linux-x86_64-fedora-clang | 0.1.2 | 79.80 | NOTE | |||
r-devel-linux-x86_64-fedora-gcc | 0.1.2 | 64.34 | NOTE | |||
r-patched-linux-x86_64 | 0.1.2 | 5.37 | 56.64 | 62.01 | NOTE | |
r-release-linux-x86_64 | 0.1.2 | 5.15 | 54.07 | 59.22 | NOTE | |
r-release-macos-arm64 | 0.1.2 | NOTE | ||||
r-release-macos-x86_64 | 0.1.2 | NOTE | ||||
r-release-windows-x86_64 | 0.1.2 | 16.00 | 75.00 | 91.00 | NOTE | |
r-oldrel-macos-arm64 | 0.1.2 | NOTE | ||||
r-oldrel-macos-x86_64 | 0.1.2 | NOTE | ||||
r-oldrel-windows-ix86+x86_64 | 0.1.2 | 12.00 | 71.00 | 83.00 | NOTE |
Version: 0.1.2
Check: LazyData
Result: NOTE
'LazyData' is specified without a 'data' directory
Flavors: r-devel-linux-x86_64-debian-clang, r-devel-linux-x86_64-debian-gcc, r-devel-linux-x86_64-fedora-clang, r-devel-linux-x86_64-fedora-gcc, r-patched-linux-x86_64, r-release-linux-x86_64, r-release-macos-arm64, r-release-macos-x86_64, r-release-windows-x86_64, r-oldrel-macos-arm64, r-oldrel-macos-x86_64, r-oldrel-windows-ix86+x86_64