Last updated on 2022-04-24 03:52:40 CEST.
Flavor | Version | Tinstall | Tcheck | Ttotal | Status | Flags |
---|---|---|---|---|---|---|
r-devel-linux-x86_64-debian-clang | 3.1 | 3.76 | 36.06 | 39.82 | NOTE | |
r-devel-linux-x86_64-debian-gcc | 3.1 | 2.34 | 27.76 | 30.10 | NOTE | |
r-devel-linux-x86_64-fedora-clang | 3.1 | 50.28 | NOTE | |||
r-devel-linux-x86_64-fedora-gcc | 3.1 | 38.64 | NOTE | |||
r-patched-linux-x86_64 | 3.1 | 3.35 | 35.05 | 38.40 | OK | |
r-release-linux-x86_64 | 3.1 | 2.46 | 34.83 | 37.29 | OK | |
r-release-macos-arm64 | 3.1 | OK | ||||
r-release-macos-x86_64 | 3.1 | OK | ||||
r-release-windows-x86_64 | 3.1 | 19.00 | 49.00 | 68.00 | OK | |
r-oldrel-macos-arm64 | 3.1 | OK | ||||
r-oldrel-macos-x86_64 | 3.1 | OK | ||||
r-oldrel-windows-ix86+x86_64 | 3.1 | 8.00 | 29.00 | 37.00 | OK |
Version: 3.1
Check: Rd files
Result: NOTE
checkRd: (7) file 'swPwr.Rd': \item in \value must have non-empty label
Flavors: r-devel-linux-x86_64-debian-clang, r-devel-linux-x86_64-debian-gcc, r-devel-linux-x86_64-fedora-clang, r-devel-linux-x86_64-fedora-gcc