Last updated on 2022-04-24 03:52:40 CEST.
Flavor | Version | Tinstall | Tcheck | Ttotal | Status | Flags |
---|---|---|---|---|---|---|
r-devel-linux-x86_64-debian-clang | 0.8.1 | 6.65 | 72.89 | 79.54 | NOTE | |
r-devel-linux-x86_64-debian-gcc | 0.8.1 | 4.19 | 53.64 | 57.83 | NOTE | |
r-devel-linux-x86_64-fedora-clang | 0.8.1 | 99.02 | NOTE | |||
r-devel-linux-x86_64-fedora-gcc | 0.8.1 | 80.76 | NOTE | |||
r-patched-linux-x86_64 | 0.8.1 | 6.42 | 68.40 | 74.82 | NOTE | |
r-release-linux-x86_64 | 0.8.1 | 5.59 | 64.06 | 69.65 | NOTE | |
r-release-macos-arm64 | 0.8.1 | NOTE | ||||
r-release-macos-x86_64 | 0.8.1 | NOTE | ||||
r-release-windows-x86_64 | 0.8.1 | 9.00 | 95.00 | 104.00 | NOTE | |
r-oldrel-macos-arm64 | 0.8.1 | NOTE | ||||
r-oldrel-macos-x86_64 | 0.8.1 | NOTE | ||||
r-oldrel-windows-ix86+x86_64 | 0.8.1 | 15.00 | 77.00 | 92.00 | NOTE |
Version: 0.8.1
Check: LazyData
Result: NOTE
'LazyData' is specified without a 'data' directory
Flavors: r-devel-linux-x86_64-debian-clang, r-devel-linux-x86_64-debian-gcc, r-devel-linux-x86_64-fedora-clang, r-devel-linux-x86_64-fedora-gcc, r-patched-linux-x86_64, r-release-linux-x86_64, r-release-macos-arm64, r-release-macos-x86_64, r-release-windows-x86_64, r-oldrel-macos-arm64, r-oldrel-macos-x86_64, r-oldrel-windows-ix86+x86_64