Last updated on 2022-04-24 03:52:40 CEST.
Flavor | Version | Tinstall | Tcheck | Ttotal | Status | Flags |
---|---|---|---|---|---|---|
r-devel-linux-x86_64-debian-clang | 1.0.0 | 3.41 | 234.98 | 238.39 | NOTE | |
r-devel-linux-x86_64-debian-gcc | 1.0.0 | 2.84 | 163.38 | 166.22 | NOTE | |
r-devel-linux-x86_64-fedora-clang | 1.0.0 | 274.93 | NOTE | |||
r-devel-linux-x86_64-fedora-gcc | 1.0.0 | 255.46 | NOTE | |||
r-patched-linux-x86_64 | 1.0.0 | 3.35 | 221.99 | 225.34 | NOTE | |
r-release-linux-x86_64 | 1.0.0 | 3.43 | 213.33 | 216.76 | NOTE | |
r-release-macos-arm64 | 1.0.0 | NOTE | ||||
r-release-macos-x86_64 | 1.0.0 | NOTE | ||||
r-release-windows-x86_64 | 1.0.0 | 24.00 | 257.00 | 281.00 | NOTE | |
r-oldrel-macos-arm64 | 1.0.0 | NOTE | ||||
r-oldrel-macos-x86_64 | 1.0.0 | NOTE | ||||
r-oldrel-windows-ix86+x86_64 | 1.0.0 | 7.00 | 257.00 | 264.00 | NOTE |
Version: 1.0.0
Check: LazyData
Result: NOTE
'LazyData' is specified without a 'data' directory
Flavors: r-devel-linux-x86_64-debian-clang, r-devel-linux-x86_64-debian-gcc, r-devel-linux-x86_64-fedora-clang, r-devel-linux-x86_64-fedora-gcc, r-patched-linux-x86_64, r-release-linux-x86_64, r-release-macos-arm64, r-release-macos-x86_64, r-release-windows-x86_64, r-oldrel-macos-arm64, r-oldrel-macos-x86_64, r-oldrel-windows-ix86+x86_64