Last updated on 2022-04-24 03:52:40 CEST.
Flavor | Version | Tinstall | Tcheck | Ttotal | Status | Flags |
---|---|---|---|---|---|---|
r-devel-linux-x86_64-debian-clang | 0.1.5 | 19.40 | 62.83 | 82.23 | OK | |
r-devel-linux-x86_64-debian-gcc | 0.1.5 | 16.49 | 47.55 | 64.04 | OK | |
r-devel-linux-x86_64-fedora-clang | 0.1.5 | 112.03 | NOTE | |||
r-devel-linux-x86_64-fedora-gcc | 0.1.5 | 93.83 | OK | |||
r-patched-linux-x86_64 | 0.1.5 | 17.46 | 61.49 | 78.95 | OK | |
r-release-linux-x86_64 | 0.1.5 | 17.86 | 57.85 | 75.71 | OK | |
r-release-macos-arm64 | 0.1.5 | WARN | ||||
r-release-macos-x86_64 | 0.1.5 | OK | ||||
r-release-windows-x86_64 | 0.1.5 | 35.00 | 119.00 | 154.00 | OK | |
r-oldrel-macos-arm64 | 0.1.5 | WARN | ||||
r-oldrel-macos-x86_64 | 0.1.5 | OK | ||||
r-oldrel-windows-ix86+x86_64 | 0.1.5 | 49.00 | 100.00 | 149.00 | OK |
Version: 0.1.5
Check: Rd cross-references
Result: NOTE
Undeclared package ‘rsparse’ in Rd xrefs
Flavor: r-devel-linux-x86_64-fedora-clang
Version: 0.1.5
Check: re-building of vignette outputs
Result: WARN
Error(s) in re-building vignettes:
...
--- re-building ‘resampling.Rmd’ using rmarkdown
Quitting from lines 23-41 (resampling.Rmd)
Error: processing vignette 'resampling.Rmd' failed with diagnostics:
Each result must equal the first result:
`do_exact_weat(2)` does not equal `do_exact_weat(4)`
--- failed re-building ‘resampling.Rmd’
SUMMARY: processing the following file failed:
‘resampling.Rmd’
Error: Vignette re-building failed.
Execution halted
Flavors: r-release-macos-arm64, r-oldrel-macos-arm64