Last updated on 2022-04-24 03:52:40 CEST.
Flavor | Version | Tinstall | Tcheck | Ttotal | Status | Flags |
---|---|---|---|---|---|---|
r-devel-linux-x86_64-debian-clang | 0.3.0 | 38.21 | 47.39 | 85.60 | NOTE | |
r-devel-linux-x86_64-debian-gcc | 0.3.0 | 37.09 | 36.59 | 73.68 | NOTE | |
r-devel-linux-x86_64-fedora-clang | 0.3.0 | 121.09 | NOTE | |||
r-devel-linux-x86_64-fedora-gcc | 0.3.0 | 108.50 | NOTE | |||
r-patched-linux-x86_64 | 0.3.0 | 40.85 | 46.36 | 87.21 | NOTE | |
r-release-linux-x86_64 | 0.3.0 | 38.36 | 44.49 | 82.85 | NOTE | |
r-release-macos-arm64 | 0.3.0 | NOTE | ||||
r-release-macos-x86_64 | 0.3.0 | NOTE | ||||
r-release-windows-x86_64 | 0.3.0 | 64.00 | 96.00 | 160.00 | NOTE | |
r-oldrel-macos-arm64 | 0.3.0 | NOTE | ||||
r-oldrel-macos-x86_64 | 0.3.0 | NOTE | ||||
r-oldrel-windows-ix86+x86_64 | 0.3.0 | 133.00 | 85.00 | 218.00 | NOTE |
Version: 0.3.0
Check: package dependencies
Result: NOTE
Package suggested but not available for checking: 'swephRdata'
Flavors: r-devel-linux-x86_64-debian-clang, r-devel-linux-x86_64-debian-gcc, r-devel-linux-x86_64-fedora-clang, r-devel-linux-x86_64-fedora-gcc, r-patched-linux-x86_64, r-release-linux-x86_64, r-release-macos-arm64, r-release-macos-x86_64, r-release-windows-x86_64, r-oldrel-macos-arm64, r-oldrel-macos-x86_64, r-oldrel-windows-ix86+x86_64
Version: 0.3.0
Check: installed package size
Result: NOTE
installed size is 5.3Mb
sub-directories of 1Mb or more:
libs 5.0Mb
Flavors: r-release-macos-arm64, r-oldrel-macos-arm64