Last updated on 2022-04-24 03:52:40 CEST.
Flavor | Version | Tinstall | Tcheck | Ttotal | Status | Flags |
---|---|---|---|---|---|---|
r-devel-linux-x86_64-debian-clang | 1.6 | 5.58 | 63.98 | 69.56 | OK | |
r-devel-linux-x86_64-debian-gcc | 1.6 | 4.54 | 47.12 | 51.66 | OK | |
r-devel-linux-x86_64-fedora-clang | 1.6 | 85.32 | NOTE | |||
r-devel-linux-x86_64-fedora-gcc | 1.6 | 73.63 | NOTE | |||
r-patched-linux-x86_64 | 1.6 | 5.09 | 60.15 | 65.24 | OK | |
r-release-linux-x86_64 | 1.5 | 5.30 | 56.09 | 61.39 | OK | |
r-release-macos-arm64 | 1.5 | NOTE | ||||
r-release-macos-x86_64 | 1.5 | NOTE | ||||
r-release-windows-x86_64 | 1.5 | 37.00 | 89.00 | 126.00 | OK | |
r-oldrel-macos-arm64 | 1.5 | NOTE | ||||
r-oldrel-macos-x86_64 | 1.5 | NOTE | ||||
r-oldrel-windows-ix86+x86_64 | 1.6 | 10.00 | 72.00 | 82.00 | OK |
Version: 1.6
Check: dependencies in R code
Result: NOTE
Namespaces in Imports field not imported from:
‘mapdata’ ‘utils’
All declared Imports should be used.
Flavors: r-devel-linux-x86_64-fedora-clang, r-devel-linux-x86_64-fedora-gcc
Version: 1.5
Check: dependencies in R code
Result: NOTE
Namespaces in Imports field not imported from:
‘mapdata’ ‘utils’
All declared Imports should be used.
Flavors: r-release-macos-arm64, r-release-macos-x86_64, r-oldrel-macos-arm64, r-oldrel-macos-x86_64