Last updated on 2022-04-24 03:52:40 CEST.
Flavor | Version | Tinstall | Tcheck | Ttotal | Status | Flags |
---|---|---|---|---|---|---|
r-devel-linux-x86_64-debian-clang | 0.9.1 | 22.94 | 65.23 | 88.17 | NOTE | |
r-devel-linux-x86_64-debian-gcc | 0.9.1 | 19.16 | 50.08 | 69.24 | NOTE | |
r-devel-linux-x86_64-fedora-clang | 0.9.1 | 115.62 | NOTE | |||
r-devel-linux-x86_64-fedora-gcc | 0.9.1 | 98.25 | NOTE | |||
r-patched-linux-x86_64 | 0.9.1 | 21.66 | 63.39 | 85.05 | NOTE | |
r-release-linux-x86_64 | 0.9.1 | 15.71 | 62.80 | 78.51 | NOTE | |
r-release-macos-arm64 | 0.9.1 | NOTE | ||||
r-release-macos-x86_64 | 0.9.1 | NOTE | ||||
r-release-windows-x86_64 | 0.9.1 | 106.00 | 118.00 | 224.00 | NOTE | |
r-oldrel-macos-arm64 | 0.9.1 | NOTE | ||||
r-oldrel-macos-x86_64 | 0.9.1 | NOTE | ||||
r-oldrel-windows-ix86+x86_64 | 0.9.1 | 62.00 | 103.00 | 165.00 | NOTE |
Version: 0.9.1
Check: LazyData
Result: NOTE
'LazyData' is specified without a 'data' directory
Flavors: r-devel-linux-x86_64-debian-clang, r-devel-linux-x86_64-debian-gcc, r-devel-linux-x86_64-fedora-clang, r-devel-linux-x86_64-fedora-gcc, r-patched-linux-x86_64, r-release-linux-x86_64, r-release-macos-arm64, r-release-macos-x86_64, r-release-windows-x86_64, r-oldrel-macos-arm64, r-oldrel-macos-x86_64, r-oldrel-windows-ix86+x86_64