Last updated on 2022-04-24 03:52:40 CEST.
Flavor | Version | Tinstall | Tcheck | Ttotal | Status | Flags |
---|---|---|---|---|---|---|
r-devel-linux-x86_64-debian-clang | 3.0.1 | 15.01 | 113.85 | 128.86 | NOTE | |
r-devel-linux-x86_64-debian-gcc | 3.0.1 | 12.99 | 86.02 | 99.01 | NOTE | |
r-devel-linux-x86_64-fedora-clang | 3.0.1 | 159.48 | NOTE | |||
r-devel-linux-x86_64-fedora-gcc | 3.0.1 | 143.16 | NOTE | |||
r-patched-linux-x86_64 | 3.0.1 | 18.39 | 109.49 | 127.88 | NOTE | |
r-release-linux-x86_64 | 3.0.1 | 15.52 | 103.48 | 119.00 | NOTE | |
r-release-macos-arm64 | 3.0.1 | NOTE | ||||
r-release-macos-x86_64 | 3.0.1 | NOTE | ||||
r-release-windows-x86_64 | 3.0.1 | 32.00 | 122.00 | 154.00 | NOTE | |
r-oldrel-macos-arm64 | 3.0.1 | NOTE | ||||
r-oldrel-macos-x86_64 | 3.0.1 | NOTE | ||||
r-oldrel-windows-ix86+x86_64 | 3.0.1 | 31.00 | 117.00 | 148.00 | NOTE |
Version: 3.0.1
Check: package dependencies
Result: NOTE
Package suggested but not available for checking: 'cplexAPI'
Flavors: r-devel-linux-x86_64-debian-clang, r-devel-linux-x86_64-debian-gcc, r-devel-linux-x86_64-fedora-clang, r-devel-linux-x86_64-fedora-gcc, r-patched-linux-x86_64, r-release-linux-x86_64, r-release-macos-arm64, r-release-macos-x86_64, r-release-windows-x86_64, r-oldrel-macos-arm64, r-oldrel-macos-x86_64, r-oldrel-windows-ix86+x86_64
Version: 3.0.1
Check: installed package size
Result: NOTE
installed size is 5.2Mb
sub-directories of 1Mb or more:
extdata 4.2Mb
Flavors: r-devel-linux-x86_64-fedora-clang, r-release-macos-arm64, r-release-macos-x86_64, r-release-windows-x86_64, r-oldrel-macos-arm64, r-oldrel-macos-x86_64, r-oldrel-windows-ix86+x86_64
Version: 3.0.1
Check: data for non-ASCII characters
Result: NOTE
Note: found 1 marked UTF-8 string
Flavors: r-devel-linux-x86_64-fedora-clang, r-devel-linux-x86_64-fedora-gcc, r-release-macos-arm64, r-release-macos-x86_64, r-oldrel-macos-arm64, r-oldrel-macos-x86_64