Last updated on 2022-04-24 03:52:40 CEST.
Flavor | Version | Tinstall | Tcheck | Ttotal | Status | Flags |
---|---|---|---|---|---|---|
r-devel-linux-x86_64-debian-clang | 0.2-4 | 7.52 | 32.50 | 40.02 | OK | |
r-devel-linux-x86_64-debian-gcc | 0.2-4 | 5.97 | 25.37 | 31.34 | OK | |
r-devel-linux-x86_64-fedora-clang | 0.2-4 | 52.68 | NOTE | |||
r-devel-linux-x86_64-fedora-gcc | 0.2-4 | 39.73 | OK | |||
r-patched-linux-x86_64 | 0.2-4 | 6.50 | 31.85 | 38.35 | OK | |
r-release-linux-x86_64 | 0.2-4 | 5.85 | 30.68 | 36.53 | OK | |
r-release-macos-arm64 | 0.2-4 | OK | ||||
r-release-macos-x86_64 | 0.2-4 | OK | ||||
r-release-windows-x86_64 | 0.2-4 | 23.00 | 136.00 | 159.00 | OK | |
r-oldrel-macos-arm64 | 0.2-4 | OK | ||||
r-oldrel-macos-x86_64 | 0.2-4 | OK | ||||
r-oldrel-windows-ix86+x86_64 | 0.2-4 | 16.00 | 119.00 | 135.00 | NOTE |
Version: 0.2-4
Check: installed package size
Result: NOTE
installed size is 6.9Mb
sub-directories of 1Mb or more:
libs 6.8Mb
Flavors: r-devel-linux-x86_64-fedora-clang, r-oldrel-windows-ix86+x86_64