Last updated on 2022-04-24 03:52:40 CEST.
Flavor | Version | Tinstall | Tcheck | Ttotal | Status | Flags |
---|---|---|---|---|---|---|
r-devel-linux-x86_64-debian-clang | 0.1 | 10.16 | 127.23 | 137.39 | NOTE | |
r-devel-linux-x86_64-debian-gcc | 0.1 | 8.85 | 93.71 | 102.56 | NOTE | |
r-devel-linux-x86_64-fedora-clang | 0.1 | 162.80 | NOTE | |||
r-devel-linux-x86_64-fedora-gcc | 0.1 | 148.81 | NOTE | |||
r-patched-linux-x86_64 | 0.1 | 8.83 | 119.37 | 128.20 | NOTE | |
r-release-linux-x86_64 | 0.1 | 8.47 | 114.31 | 122.78 | NOTE | |
r-release-macos-arm64 | 0.1 | NOTE | ||||
r-release-macos-x86_64 | 0.1 | NOTE | ||||
r-release-windows-x86_64 | 0.1 | 16.00 | 134.00 | 150.00 | NOTE | |
r-oldrel-macos-arm64 | 0.1 | NOTE | ||||
r-oldrel-macos-x86_64 | 0.1 | NOTE | ||||
r-oldrel-windows-ix86+x86_64 | 0.1 | 27.00 | 127.00 | 154.00 | NOTE |
Version: 0.1
Check: LazyData
Result: NOTE
'LazyData' is specified without a 'data' directory
Flavors: r-devel-linux-x86_64-debian-clang, r-devel-linux-x86_64-debian-gcc, r-devel-linux-x86_64-fedora-clang, r-devel-linux-x86_64-fedora-gcc, r-patched-linux-x86_64, r-release-linux-x86_64, r-release-macos-arm64, r-release-macos-x86_64, r-release-windows-x86_64, r-oldrel-macos-arm64, r-oldrel-macos-x86_64, r-oldrel-windows-ix86+x86_64