Last updated on 2022-04-24 03:52:40 CEST.
Flavor | Version | Tinstall | Tcheck | Ttotal | Status | Flags |
---|---|---|---|---|---|---|
r-devel-linux-x86_64-debian-clang | 0.6-2 | 22.66 | 587.38 | 610.04 | NOTE | |
r-devel-linux-x86_64-debian-gcc | 0.6-2 | 19.54 | 402.38 | 421.92 | NOTE | |
r-devel-linux-x86_64-fedora-clang | 0.6-2 | 699.61 | NOTE | |||
r-devel-linux-x86_64-fedora-gcc | 0.6-2 | 707.42 | NOTE | |||
r-patched-linux-x86_64 | 0.6-2 | 24.66 | 542.42 | 567.08 | OK | |
r-release-linux-x86_64 | 0.6-2 | 22.36 | 529.09 | 551.45 | OK | |
r-release-macos-arm64 | 0.6-2 | OK | ||||
r-release-macos-x86_64 | 0.6-2 | OK | ||||
r-release-windows-x86_64 | 0.6-2 | 46.00 | 114.00 | 160.00 | OK | --no-examples --no-tests --no-vignettes |
r-oldrel-macos-arm64 | 0.6-2 | OK | ||||
r-oldrel-macos-x86_64 | 0.6-2 | OK | ||||
r-oldrel-windows-ix86+x86_64 | 0.6-2 | 49.00 | 173.00 | 222.00 | OK | --no-examples --no-tests --no-vignettes |
Version: 0.6-2
Check: Rd files
Result: NOTE
checkRd: (7) file 'dist_SDA.rd': \item in \value must have non-empty label
checkRd: (7) file 'kernel.SDA.rd': \item in \value must have non-empty label
checkRd: (7) file 'plot3dInterval.rd': \item in \value must have non-empty label
Flavors: r-devel-linux-x86_64-debian-clang, r-devel-linux-x86_64-debian-gcc, r-devel-linux-x86_64-fedora-clang, r-devel-linux-x86_64-fedora-gcc