Last updated on 2022-04-24 03:52:40 CEST.
Flavor | Version | Tinstall | Tcheck | Ttotal | Status | Flags |
---|---|---|---|---|---|---|
r-devel-linux-x86_64-debian-clang | 0.1.0 | 12.00 | 37.20 | 49.20 | NOTE | |
r-devel-linux-x86_64-debian-gcc | 0.1.0 | 10.99 | 28.60 | 39.59 | NOTE | |
r-devel-linux-x86_64-fedora-clang | 0.1.0 | 63.08 | NOTE | |||
r-devel-linux-x86_64-fedora-gcc | 0.1.0 | 51.43 | NOTE | |||
r-patched-linux-x86_64 | 0.1.0 | 12.98 | 36.53 | 49.51 | NOTE | |
r-release-linux-x86_64 | 0.1.0 | 11.88 | 34.73 | 46.61 | NOTE | |
r-release-macos-arm64 | 0.1.0 | NOTE | ||||
r-release-macos-x86_64 | 0.1.0 | NOTE | ||||
r-release-windows-x86_64 | 0.1.0 | 17.00 | 55.00 | 72.00 | NOTE | |
r-oldrel-macos-arm64 | 0.1.0 | NOTE | ||||
r-oldrel-macos-x86_64 | 0.1.0 | NOTE | ||||
r-oldrel-windows-ix86+x86_64 | 0.1.0 | 20.00 | 42.00 | 62.00 | NOTE |
Version: 0.1.0
Check: LazyData
Result: NOTE
'LazyData' is specified without a 'data' directory
Flavors: r-devel-linux-x86_64-debian-clang, r-devel-linux-x86_64-debian-gcc, r-devel-linux-x86_64-fedora-clang, r-devel-linux-x86_64-fedora-gcc, r-patched-linux-x86_64, r-release-linux-x86_64, r-release-macos-arm64, r-release-macos-x86_64, r-release-windows-x86_64, r-oldrel-macos-arm64, r-oldrel-macos-x86_64, r-oldrel-windows-ix86+x86_64