Last updated on 2022-04-24 03:52:40 CEST.
Flavor | Version | Tinstall | Tcheck | Ttotal | Status | Flags |
---|---|---|---|---|---|---|
r-devel-linux-x86_64-debian-clang | 1.0 | 2.92 | 50.37 | 53.29 | NOTE | |
r-devel-linux-x86_64-debian-gcc | 1.0 | 2.47 | 37.51 | 39.98 | NOTE | |
r-devel-linux-x86_64-fedora-clang | 1.0 | 70.13 | NOTE | |||
r-devel-linux-x86_64-fedora-gcc | 1.0 | 57.11 | NOTE | |||
r-patched-linux-x86_64 | 1.0 | 4.54 | 48.09 | 52.63 | NOTE | |
r-release-linux-x86_64 | 1.0 | 2.74 | 49.34 | 52.08 | NOTE | |
r-release-macos-arm64 | 1.0 | NOTE | ||||
r-release-macos-x86_64 | 1.0 | NOTE | ||||
r-release-windows-x86_64 | 1.0 | 49.00 | 81.00 | 130.00 | NOTE | |
r-oldrel-macos-arm64 | 1.0 | NOTE | ||||
r-oldrel-macos-x86_64 | 1.0 | NOTE | ||||
r-oldrel-windows-ix86+x86_64 | 1.0 | 6.00 | 71.00 | 77.00 | NOTE |
Version: 1.0
Check: R code for possible problems
Result: NOTE
mainNetFunction: no visible global function definition for 'png'
mainNetFunction: no visible global function definition for 'lines'
mainNetFunction: no visible global function definition for 'legend'
mainNetFunction: no visible global function definition for 'dev.off'
plotROC: no visible global function definition for 'lines'
simulatedData: no visible global function definition for 'rpois'
simulatedData : <anonymous>: no visible global function definition for
'rpois'
simulatedData : rlognormpois: no visible global function definition for
'rnorm'
simulatedData : rlognormpois: no visible global function definition for
'rpois'
Undefined global functions or variables:
dev.off legend lines png rnorm rpois
Consider adding
importFrom("grDevices", "dev.off", "png")
importFrom("graphics", "legend", "lines")
importFrom("stats", "rnorm", "rpois")
to your NAMESPACE file.
Flavors: r-devel-linux-x86_64-debian-clang, r-devel-linux-x86_64-debian-gcc, r-devel-linux-x86_64-fedora-clang, r-devel-linux-x86_64-fedora-gcc, r-patched-linux-x86_64, r-release-linux-x86_64, r-release-macos-arm64, r-release-macos-x86_64, r-release-windows-x86_64, r-oldrel-macos-arm64, r-oldrel-macos-x86_64, r-oldrel-windows-ix86+x86_64