Last updated on 2022-04-24 03:52:40 CEST.
Flavor | Version | Tinstall | Tcheck | Ttotal | Status | Flags |
---|---|---|---|---|---|---|
r-devel-linux-x86_64-debian-clang | 1.3.5 | 26.04 | 38.44 | 64.48 | OK | |
r-devel-linux-x86_64-debian-gcc | 1.3.5 | 21.85 | 29.65 | 51.50 | OK | |
r-devel-linux-x86_64-fedora-clang | 1.3.5 | 92.91 | NOTE | |||
r-devel-linux-x86_64-fedora-gcc | 1.3.5 | 75.95 | NOTE | |||
r-patched-linux-x86_64 | 1.3.5 | 21.70 | 36.68 | 58.38 | OK | |
r-release-linux-x86_64 | 1.3.5 | 24.64 | 36.04 | 60.68 | OK | |
r-release-macos-arm64 | 1.3.5 | OK | ||||
r-release-macos-x86_64 | 1.3.5 | OK | ||||
r-release-windows-x86_64 | 1.3.5 | 88.00 | 79.00 | 167.00 | OK | |
r-oldrel-macos-arm64 | 1.3.5 | OK | ||||
r-oldrel-macos-x86_64 | 1.3.5 | OK | ||||
r-oldrel-windows-ix86+x86_64 | 1.3.5 | 75.00 | 74.00 | 149.00 | OK |
Version: 1.3.5
Check: top-level files
Result: NOTE
possible bashism in configure line 12 (echo -n):
echo -n " checking for Sun Studio compiler..."
possible bashism in configure line 22 (echo -n):
echo -n " checking for OS..."
Flavors: r-devel-linux-x86_64-fedora-clang, r-devel-linux-x86_64-fedora-gcc