Last updated on 2022-04-24 03:52:40 CEST.
Flavor | Version | Tinstall | Tcheck | Ttotal | Status | Flags |
---|---|---|---|---|---|---|
r-devel-linux-x86_64-debian-clang | 3.4 | 2.85 | 35.21 | 38.06 | NOTE | |
r-devel-linux-x86_64-debian-gcc | 3.4 | 2.25 | 27.16 | 29.41 | NOTE | |
r-devel-linux-x86_64-fedora-clang | 3.4 | 46.68 | NOTE | |||
r-devel-linux-x86_64-fedora-gcc | 3.4 | 35.56 | NOTE | |||
r-patched-linux-x86_64 | 3.4 | 2.77 | 33.67 | 36.44 | NOTE | |
r-release-linux-x86_64 | 3.4 | 2.52 | 32.91 | 35.43 | NOTE | |
r-release-macos-arm64 | 3.4 | NOTE | ||||
r-release-macos-x86_64 | 3.4 | NOTE | ||||
r-release-windows-x86_64 | 3.4 | 19.00 | 65.00 | 84.00 | NOTE | |
r-oldrel-macos-arm64 | 3.4 | NOTE | ||||
r-oldrel-macos-x86_64 | 3.4 | NOTE | ||||
r-oldrel-windows-ix86+x86_64 | 3.4 | 12.00 | 69.00 | 81.00 | NOTE |
Version: 3.4
Check: LazyData
Result: NOTE
'LazyData' is specified without a 'data' directory
Flavors: r-devel-linux-x86_64-debian-clang, r-devel-linux-x86_64-debian-gcc, r-devel-linux-x86_64-fedora-clang, r-devel-linux-x86_64-fedora-gcc, r-patched-linux-x86_64, r-release-linux-x86_64, r-release-macos-arm64, r-release-macos-x86_64, r-release-windows-x86_64, r-oldrel-macos-arm64, r-oldrel-macos-x86_64, r-oldrel-windows-ix86+x86_64
Version: 3.4
Check: package dependencies
Result: NOTE
Package suggested but not available for checking: 'unix'
Flavors: r-release-windows-x86_64, r-oldrel-windows-ix86+x86_64