Last updated on 2022-04-24 03:52:40 CEST.
Flavor | Version | Tinstall | Tcheck | Ttotal | Status | Flags |
---|---|---|---|---|---|---|
r-devel-linux-x86_64-debian-clang | 1.0.4 | 8.53 | 92.92 | 101.45 | NOTE | |
r-devel-linux-x86_64-debian-gcc | 1.0.4 | 6.36 | 68.08 | 74.44 | NOTE | |
r-devel-linux-x86_64-fedora-clang | 1.0.4 | 126.38 | NOTE | |||
r-devel-linux-x86_64-fedora-gcc | 1.0.4 | 106.47 | NOTE | |||
r-patched-linux-x86_64 | 1.0.4 | 7.40 | 85.24 | 92.64 | NOTE | |
r-release-linux-x86_64 | 1.0.4 | 6.94 | 80.57 | 87.51 | NOTE | |
r-release-macos-arm64 | 1.0.4 | OK | ||||
r-release-macos-x86_64 | 1.0.4 | OK | ||||
r-release-windows-x86_64 | 1.0.4 | 28.00 | 117.00 | 145.00 | OK | |
r-oldrel-macos-arm64 | 1.0.4 | OK | ||||
r-oldrel-macos-x86_64 | 1.0.4 | OK | ||||
r-oldrel-windows-ix86+x86_64 | 1.0.4 | 19.00 | 100.00 | 119.00 | OK |
Version: 1.0.4
Check: for non-standard things in the check directory
Result: NOTE
Found the following files/directories:
'test.csv'
Flavors: r-devel-linux-x86_64-debian-clang, r-devel-linux-x86_64-debian-gcc, r-devel-linux-x86_64-fedora-clang, r-devel-linux-x86_64-fedora-gcc, r-patched-linux-x86_64, r-release-linux-x86_64