Last updated on 2022-04-24 03:52:40 CEST.
Flavor | Version | Tinstall | Tcheck | Ttotal | Status | Flags |
---|---|---|---|---|---|---|
r-devel-linux-x86_64-debian-clang | 1.1-24 | 14.38 | 211.40 | 225.78 | OK | |
r-devel-linux-x86_64-debian-gcc | 1.1-24 | 9.32 | 154.24 | 163.56 | OK | |
r-devel-linux-x86_64-fedora-clang | 1.1-24 | 276.64 | NOTE | |||
r-devel-linux-x86_64-fedora-gcc | 1.1-24 | 251.33 | OK | |||
r-patched-linux-x86_64 | 1.1-24 | 9.53 | 201.06 | 210.59 | OK | |
r-release-linux-x86_64 | 1.1-24 | 10.72 | 193.20 | 203.92 | OK | |
r-release-macos-arm64 | 1.1-24 | NOTE | ||||
r-release-macos-x86_64 | 1.1-24 | OK | ||||
r-release-windows-x86_64 | 1.1-24 | 45.00 | 263.00 | 308.00 | OK | |
r-oldrel-macos-arm64 | 1.1-24 | NOTE | ||||
r-oldrel-macos-x86_64 | 1.1-24 | OK | ||||
r-oldrel-windows-ix86+x86_64 | 1.1-24 | 24.00 | 233.00 | 257.00 | OK |
Version: 1.1-24
Check: Rd cross-references
Result: NOTE
Undeclared package ‘Ecdat’ in Rd xrefs
Flavor: r-devel-linux-x86_64-fedora-clang
Version: 1.1-24
Check: re-building of vignette outputs
Result: NOTE
Error(s) in re-building vignettes:
--- re-building ‘systemfit.Rnw’ using Sweave
Loading required package: Matrix
Loading required package: car
Loading required package: carData
Loading required package: lmtest
Loading required package: zoo
Attaching package: ‘zoo’
The following objects are masked from ‘package:base’:
as.Date, as.Date.numeric
Please cite the 'systemfit' package as:
Arne Henningsen and Jeff D. Hamann (2007). systemfit: A Package for Estimating Systems of Simultaneous Equations in R. Journal of Statistical Software 23(4), 1-40. http://www.jstatsoft.org/v23/i04/.
If you have questions, suggestions, or comments regarding the 'systemfit' package, please use a forum or 'tracker' at systemfit's R-Forge site:
https://r-forge.r-project.org/projects/systemfit/
Error: processing vignette 'systemfit.Rnw' failed with diagnostics:
chunk 43 (label = systemfit_sem)
Error : package or namespace load failed for ‘sem’ in loadNamespace(j <- i[[1L]], c(lib.loc, .libPaths()), versionCheck = vI[[j]]):
there is no package called ‘mi’
--- failed re-building ‘systemfit.Rnw’
SUMMARY: processing the following file failed:
‘systemfit.Rnw’
Error: Vignette re-building failed.
Execution halted
Flavors: r-release-macos-arm64, r-oldrel-macos-arm64