Last updated on 2022-04-24 03:52:40 CEST.
Flavor | Version | Tinstall | Tcheck | Ttotal | Status | Flags |
---|---|---|---|---|---|---|
r-devel-linux-x86_64-debian-clang | 1.0.6 | 13.18 | 805.07 | 818.25 | NOTE | |
r-devel-linux-x86_64-debian-gcc | 1.0.6 | 10.76 | 595.69 | 606.45 | NOTE | |
r-devel-linux-x86_64-fedora-clang | 1.0.6 | 922.71 | NOTE | |||
r-devel-linux-x86_64-fedora-gcc | 1.0.6 | 912.36 | NOTE | |||
r-patched-linux-x86_64 | 1.0.6 | 10.64 | 748.52 | 759.16 | NOTE | |
r-release-linux-x86_64 | 1.0.6 | 12.24 | 715.09 | 727.33 | NOTE | |
r-release-macos-arm64 | 1.0.6 | NOTE | ||||
r-release-macos-x86_64 | 1.0.6 | NOTE | ||||
r-release-windows-x86_64 | 1.0.6 | 28.00 | 809.00 | 837.00 | NOTE | |
r-oldrel-macos-arm64 | 1.0.6 | NOTE | ||||
r-oldrel-macos-x86_64 | 1.0.6 | NOTE | ||||
r-oldrel-windows-ix86+x86_64 | 1.0.6 | 22.00 | 871.00 | 893.00 | NOTE |
Version: 1.0.6
Check: LazyData
Result: NOTE
'LazyData' is specified without a 'data' directory
Flavors: r-devel-linux-x86_64-debian-clang, r-devel-linux-x86_64-debian-gcc, r-devel-linux-x86_64-fedora-clang, r-devel-linux-x86_64-fedora-gcc, r-patched-linux-x86_64, r-release-linux-x86_64, r-release-macos-arm64, r-release-macos-x86_64, r-release-windows-x86_64, r-oldrel-macos-arm64, r-oldrel-macos-x86_64, r-oldrel-windows-ix86+x86_64
Version: 1.0.6
Check: installed package size
Result: NOTE
installed size is 5.3Mb
sub-directories of 1Mb or more:
R 1.3Mb
extdata 3.1Mb
Flavors: r-devel-linux-x86_64-fedora-clang, r-release-macos-arm64, r-release-macos-x86_64, r-release-windows-x86_64, r-oldrel-macos-arm64, r-oldrel-macos-x86_64, r-oldrel-windows-ix86+x86_64